
Convert -7 (base 15) to base 2.
-111
-7 (base 12) to base 5
-12
-3 (base 15) to base 2
-11
Convert 0 (base 15) to base 10.
0
What is -22 (base 6) in base 3?
-112
What is 273 (base 11) in base 12?
22a
What is 95 (base 13) in base 16?
7a
Convert -6 (base 10) to base 8.
-6
What is 1 (base 6) in base 4?
1
Convert -3 (base 6) to base 9.
-3
What is 15 (base 10) in base 16?
f
What is -b0 (base 14) in base 5?
-1104
What is 2 (base 13) in base 6?
2
Convert 8 (base 16) to base 12.
8
Convert -2121 (base 5) to base 2.
-100011110
-5 (base 10) to base 13
-5
Convert -35 (base 9) to base 4.
-200
Convert -10 (base 4) to base 16.
-4
Convert -11 (base 3) to base 2.
-100
13 (base 5) to base 16
8
What is -6 (base 11) in base 6?
-10
-502 (base 7) to base 10
-247
Convert 8 (base 15) to base 11.
8
What is -1 (base 10) in base 8?
-1
Convert -9b (base 12) to base 16.
-77
0 (base 7) to base 15
0
What is -28 (base 10) in base 8?
-34
1 (base 5) to base 4
1
What is 39 (base 10) in base 3?
1110
-4 (base 8) to base 5
-4
230 (base 7) to base 4
1313
Convert 10 (base 4) to base 12.
4
What is -45 (base 10) in base 2?
-101101
3 (base 8) to base 15
3
122 (base 4) to base 12
22
Convert 12000 (base 3) to base 11.
113
What is 286 (base 12) in base 7?
1065
-11020 (base 3) to base 2
-1110010
-3b (base 14) to base 16
-35
Convert 20 (base 16) to base 13.
26
Convert 13 (base 4) to base 2.
111
What is -2 (base 4) in base 3?
-2
Convert 27 (base 8) to base 14.
19
Convert 24 (base 9) to base 3.
211
What is 10 (base 6) in base 13?
6
-55 (base 11) to base 14
-44
Convert 24 (base 5) to base 3.
112
114 (base 8) to base 4
1030
What is -10 (base 4) in base 6?
-4
Convert -41 (base 16) to base 8.
-101
What is 12 (base 8) in base 5?
20
Convert 5 (base 10) to base 2.
101
What is 100010 (base 2) in base 3?
1021
-8 (base 11) to base 8
-10
Convert 18 (base 9) to base 8.
21
Convert c (base 16) to base 12.
10
What is -3 (base 7) in base 12?
-3
-10 (base 16) to base 9
-17
Convert 165 (base 14) to base 13.
18c
Convert -5 (base 12) to base 16.
-5
3 (base 8) to base 15
3
Convert -10 (base 15) to base 8.
-17
Convert -10 (base 10) to base 14.
-a
3 (base 11) to base 12
3
7 (base 8) to base 3
21
Convert -3 (base 13) to base 2.
-11
What is -1 (base 4) in base 12?
-1
What is -10 (base 6) in base 9?
-6
Convert -69 (base 11) to base 10.
-75
Convert -22 (base 6) to base 4.
-32
What is 4 (base 8) in base 3?
11
-3 (base 15) to base 14
-3
-104 (base 15) to base 10
-229
51 (base 6) to base 2
11111
What is -16 (base 16) in base 7?
-31
Convert -13 (base 14) to base 2.
-10001
-22 (base 8) to base 15
-13
Convert -54 (base 12) to base 4.
-1000
Convert -7 (base 8) to base 7.
-10
What is 24 (base 16) in base 3?
1100
-2 (base 4) to base 9
-2
What is 2 (base 13) in base 5?
2
Convert -9 (base 13) to base 8.
-11
Convert -5 (base 12) to base 14.
-5
What is -62 (base 16) in base 4?
-1202
What is -1 (base 12) in base 9?
-1
75 (base 14) to base 4
1213
Convert -113 (base 12) to base 4.
-2133
11 (base 2) to base 16
3
Convert -12 (base 11) to base 10.
-13
What is -101 (base 4) in base 15?
-12
Convert -4 (base 10) to base 7.
-4
Convert -41 (base 7) to base 16.
-1d
e2 (base 15) to base 3
21212
What is 3 (base 14) in base 13?
3
What is -6 (base 8) in base 16?
-6
Convert -b (base 16) to base 2.
-1011
What is 66 (base 9) in base 7?
114
What is 32 (base 5) in base 12?
15
4 (base 16) to base 9
4
222 (base 12) to base 16
13a
Convert -121 (base 8) to base 12.
-69
What is -2 (base 13) in base 14?
-2
What is -100 (base 2) in base 16?
-4
What is 5 (base 12) in base 7?
5
What is 15 (base 9) in base 2?
1110
Convert -55 (base 9) to base 5.
-200
What is 30 (base 4) in base 11?
11
What is 25 (base 16) in base 9?
41
Convert -2 (base 3) to base 2.
-10
Convert 110 (base 2) to base 3.
20
b (base 13) to base 11
10
Convert 7 (base 13) to base 11.
7
-25 (base 9) to base 6
-35
What is -323 (base 5) in base 6?
-224
Convert -14 (base 5) to base 11.
-9
-8 (base 13) to base 10
-8
What is 101001 (base 2) in base 5?
131
Convert -16 (base 7) to base 6.
-21
Convert 3 (base 16) to base 13.
3
What is -16 (base 15) in base 10?
-21
Convert -4 (base 5) to base 7.
-4
5 (base 8) to base 2
101
What is -3 (base 16) in base 4?
-3
Convert 150 (base 7) to base 14.
60
What is -4a (base 11) in base 3?
-2000
Convert -114 (base 5) to base 12.
-2a
What is -1101101 (base 2) in base 3?
-11001
What is 0 (base 14) in base 16?
0
What is -2 (base 8) in base 3?
-2
Convert -6 (base 8) to base 6.
-10
What is -2011 (base 3) in base 6?
-134
What is -30 (base 6) in base 14?
-14
What is 15 (base 15) in base 6?
32
c8 (base 16) to base 14
104
Convert 43 (base 7) to base 5.
111
26 (base 13) to base 8
40
9 (base 14) to base 7
12
What is -12 (base 7) in base 3?
-100
Convert 1 (base 14) to base 2.
1
Convert 3 (base 6) to base 16.
3
Convert -12 (base 9) to base 5.
-21
What is 5 (base 13) in base 11?
5
What is -1 (base 6) in base 2?
-1
What is 14 (base 8) in base 12?
10
-5 (base 6) to base 15
-5
Convert 53 (base 7) to base 14.
2a
What is 21 (base 4) in base 9?
10
Convert -35 (base 12) to base 3.
-1112
Convert -4 (base 7) to base 2.
-100
Convert 22 (base 3) to base 9.
8
0 (base 2) to base 13
0
43 (base 6) to base 15
1c
What is -b (base 15) in base 11?
-10
What is 2 (base 14) in base 8?
2
Convert -1 (base 3) to base 5.
-1
What is -1 (base 14) in base 9?
-1
What is 124 (base 5) in base 15?
29
-14 (base 8) to base 5
-22
-4 (base 16) to base 12
-4
What is -5 (base 11) in base 7?
-5
Convert -51 (base 10) to base 8.
-63
What is -20 (base 7) in base 12?
-12
What is 1222 (base 4) in base 5?
411
Convert 58 (base 9) to base 6.
125
What is 3 (base 5) in base 10?
3
7 (base 9) to base 16
7
1010 (base 3) to base 7
42
4 (base 7) to base 2
100
Convert -31 (base 9) to base 4.
-130
What is 1 (base 8) in base 10?
1
-37 (base 13) to base 3
-1201
What is 0 (base 15) in base 8?
0
What is -30 (base 12) in base 10?
-36
-51 (base 16) to base 7
-144
Convert 52 (base 15) to base 12.
65
-71 (base 9) to base 13
-4c
64 (base 12) to base 3
2211
What is -3 (base 8) in base 15?
-3
Convert 11110 (base 2) to base 10.
30
Convert -14 (base 5) to base 11.
-9
101 (base 8) to base 6
145
404 (base 5) to base 6
252
What is -43 (base 7) in base 15?
-21
-1a8 (base 13) to base 11
-25a
Convert 3 (base 12) to base 16.
3
What is 4 (base 16) in base 2?
100
143 (base 7) to base 10
80
36 (base 8) to base 3
1010
Convert -93 (base 10) to base 5.
-333
What is 100 (base 2) in base 9?
4
What is -1 (base 6) in base 2?
-1
Convert -120 (base 3) to base 8.
-17
2b (base 12) to base 5
120
6 (base 16) to base 11
6
Convert -20 (base 4) to base 9.
-8
What is 101000 (base 2) in base 8?
50
What is 3 (base 5) in base 4?
3
What is -6 (base 9) in base 14?
-6
14 (base 5) to base 2
1001
What is 3 (base 4) in base 15?
3
What is -2a (base 12) in base 16?
-22
Convert -32 (base 5) to base 7.
-23
20 (base 4) to base 3
22
Convert -10001101 (base 2) to base 10.
-141
1 (base 8) to base 10
1
Convert 3a (base 11) to base 10.
43
4 (base 11) to base 10
4
What is -220 (base 4) in base 9?
-44
What is -2 (base 11) in base 14?
-2
Convert 1101 (base 4) to base 14.
5b
Convert 3 (base 11) to base 9.
3
What is 123 (base 4) in base 16?
1b
What is 110 (base 3) in base 2?
1100
Convert 4 (base 12) to base 11.
4
3 (base 16) to base 8
3
Convert 50 (base 14) to base 2.
1000110
What is 1 (base 11) in base 8?
1
Convert 87 (base 12) to base 7.
205
Convert 0 (base 16) to base 7.
0
-1 (base 16) to base 12
-1
What is -11 (base 8) in base 9?
-10
-100100 (base 2) to base 5
-121
-221 (base 5) to base 13
-49
What is -2122 (base 3) in base 5?
-241
What is 4 (base 11) in base 2?
100
What is 3 (base 10) in base 15?
3
-132 (base 7) to base 11
-66
212 (base 4) to base 7
53
Convert -80 (base 9) to base 11.
-66
Convert -100 (base 2) to base 7.
-4
Convert -42 (base 8) to base 11.
-31
What is 31 (base 7) in base 9?
24
What is -28 (base 11) in base 8?
-36
Convert 111 (base 2) to base 6.
11
What is -1 (base 7) in base 2?
-1
What is -12 (base 4) in base 6?
-10
What is 0 (base 5) in base 9?
0
Convert -2 (base 10) to base 15.
-2
Convert -40 (base 9) to base 10.
-36
7 (base 10) to base 2
111
What is 134 (base 9) in base 5?
422
What is -9a (base 15) in base 11?
-122
6 (base 16) to base 6
10
Convert -1 (base 13) to base 9.
-1
Con